{"id":2,"date":"2024-01-21T15:26:09","date_gmt":"2024-01-21T12:26:09","guid":{"rendered":"http:\/\/nitelikligoc.com\/?page_id=2"},"modified":"2024-01-21T18:04:52","modified_gmt":"2024-01-21T15:04:52","slug":"nitelikli-goc-hakkinda-bilgiler","status":"publish","type":"page","link":"https:\/\/www.nitelikligoc.com\/","title":{"rendered":"Nitelikli G\u00f6\u00e7 Hakk\u0131nda Bilgiler"},"content":{"rendered":"\n<p>T\u00fcm \u00fclkeler hakk\u0131nda nitelikli g\u00f6\u00e7 yasas\u0131 konular\u0131nda g\u00fcncel bilgiler burada<\/p>\n\n\n<ul class=\"wp-block-latest-posts__list wp-block-latest-posts\"><li><div class=\"wp-block-latest-posts__featured-image alignright\"><img loading=\"lazy\" decoding=\"async\" width=\"300\" height=\"200\" src=\"https:\/\/www.nitelikligoc.com\/wp-content\/uploads\/2024\/01\/avustralya-300x200.jpg\" class=\"attachment-medium size-medium wp-post-image\" alt=\"avustralya nitelikli g\u00f6\u00e7\" style=\"\" srcset=\"https:\/\/www.nitelikligoc.com\/wp-content\/uploads\/2024\/01\/avustralya-300x200.jpg 300w, https:\/\/www.nitelikligoc.com\/wp-content\/uploads\/2024\/01\/avustralya-768x512.jpg 768w, https:\/\/www.nitelikligoc.com\/wp-content\/uploads\/2024\/01\/avustralya.jpg 1000w\" sizes=\"(max-width: 300px) 100vw, 300px\" \/><\/div><a class=\"wp-block-latest-posts__post-title\" href=\"https:\/\/www.nitelikligoc.com\/index.php\/2024\/01\/21\/avustralya-nitelikli-goc\/\">Avustralya Nitelikli G\u00f6\u00e7<\/a><div class=\"wp-block-latest-posts__post-excerpt\">Avustralya, nitelikli g\u00f6\u00e7 politikas\u0131yla d\u00fcnya genelinden y\u00fcksek becerilere sahip bireyleri \u00fclkelerine \u00e7ekmeyi ama\u00e7lamaktad\u0131r. Bu politika, Avustralya&#8217;n\u0131n ekonomik kalk\u0131nmas\u0131n\u0131 desteklemek, i\u015fg\u00fcc\u00fc piyasas\u0131n\u0131 g\u00fc\u00e7lendirmek ve \u00e7e\u015fitli sekt\u00f6rlerdeki uzmanl\u0131k alanlar\u0131n\u0131 g\u00fc\u00e7lendirmek amac\u0131yla uygulanmaktad\u0131r. \u0130\u015fte Avustralya&#8217;n\u0131n nitelikli g\u00f6\u00e7 politikas\u0131n\u0131n ana unsurlar\u0131: Avustralya&#8217;n\u0131n nitelikli g\u00f6\u00e7 politikas\u0131, \u00fclkenin ekonomik b\u00fcy\u00fcmesini desteklemek, i\u015fg\u00fcc\u00fc piyasas\u0131n\u0131 g\u00fc\u00e7lendirmek ve \u00e7e\u015fitli sekt\u00f6rlerdeki uzmanlar\u0131 \u00e7ekmek amac\u0131yla s\u00fcrekli\u2026 <a href=\"https:\/\/www.nitelikligoc.com\/index.php\/2024\/01\/21\/avustralya-nitelikli-goc\/\" rel=\"noopener noreferrer\">Devam\u0131n\u0131 oku<span class=\"screen-reader-text\">: Avustralya Nitelikli G\u00f6\u00e7<\/span><\/a><\/div><\/li>\n<li><div class=\"wp-block-latest-posts__featured-image alignright\"><img loading=\"lazy\" decoding=\"async\" width=\"300\" height=\"215\" src=\"https:\/\/www.nitelikligoc.com\/wp-content\/uploads\/2024\/01\/11402360_4746316-300x215.jpg\" class=\"attachment-medium size-medium wp-post-image\" alt=\"almanya nitelikli g\u00f6\u00e7\" style=\"\" srcset=\"https:\/\/www.nitelikligoc.com\/wp-content\/uploads\/2024\/01\/11402360_4746316-300x215.jpg 300w, https:\/\/www.nitelikligoc.com\/wp-content\/uploads\/2024\/01\/11402360_4746316-1024x733.jpg 1024w, https:\/\/www.nitelikligoc.com\/wp-content\/uploads\/2024\/01\/11402360_4746316-768x550.jpg 768w, https:\/\/www.nitelikligoc.com\/wp-content\/uploads\/2024\/01\/11402360_4746316-1536x1099.jpg 1536w, https:\/\/www.nitelikligoc.com\/wp-content\/uploads\/2024\/01\/11402360_4746316.jpg 1984w\" sizes=\"(max-width: 300px) 100vw, 300px\" \/><\/div><a class=\"wp-block-latest-posts__post-title\" href=\"https:\/\/www.nitelikligoc.com\/index.php\/2024\/01\/21\/almanya-nitelikli-goc\/\">Almanya Nitelikli G\u00f6\u00e7<\/a><div class=\"wp-block-latest-posts__post-excerpt\">Almanya&#8217;n\u0131n nitelikli g\u00f6\u00e7 politikas\u0131, \u00fclkenin ekonomik ihtiya\u00e7lar\u0131n\u0131 kar\u015f\u0131lamak, i\u015fg\u00fcc\u00fc piyasas\u0131n\u0131 g\u00fc\u00e7lendirmek ve rekabet avantaj\u0131n\u0131 s\u00fcrd\u00fcrmek amac\u0131yla \u015fekillenmi\u015ftir. Nitelikli g\u00f6\u00e7, genellikle y\u00fcksek e\u011fitimli, deneyimli ve uzmanl\u0131k alan\u0131nda yetenekli bireyleri hedef al\u0131r. Almanya, Avrupa&#8217;n\u0131n \u00f6nde gelen ekonomilerinden biri olarak, teknolojik geli\u015fmeler ve k\u00fcresel rekabetin getirdi\u011fi zorluklarla ba\u015fa \u00e7\u0131kmak i\u00e7in nitelikli i\u015fg\u00fcc\u00fcne olan ihtiyac\u0131n\u0131 s\u00fcrekli olarak de\u011ferlendirmektedir. Bu\u2026 <a href=\"https:\/\/www.nitelikligoc.com\/index.php\/2024\/01\/21\/almanya-nitelikli-goc\/\" rel=\"noopener noreferrer\">Devam\u0131n\u0131 oku<span class=\"screen-reader-text\">: Almanya Nitelikli G\u00f6\u00e7<\/span><\/a><\/div><\/li>\n<\/ul>","protected":false},"excerpt":{"rendered":"<p>T\u00fcm \u00fclkeler hakk\u0131nda nitelikli g\u00f6\u00e7 yasas\u0131 konular\u0131nda g\u00fcncel bilgiler burada<\/p>\n","protected":false},"author":1,"featured_media":19,"parent":0,"menu_order":0,"comment_status":"closed","ping_status":"closed","template":"page-wide","meta":{"om_disable_all_campaigns":false,"footnotes":""},"aioseo_notices":[],"_links":{"self":[{"href":"https:\/\/www.nitelikligoc.com\/index.php\/wp-json\/wp\/v2\/pages\/2"}],"collection":[{"href":"https:\/\/www.nitelikligoc.com\/index.php\/wp-json\/wp\/v2\/pages"}],"about":[{"href":"https:\/\/www.nitelikligoc.com\/index.php\/wp-json\/wp\/v2\/types\/page"}],"author":[{"embeddable":true,"href":"https:\/\/www.nitelikligoc.com\/index.php\/wp-json\/wp\/v2\/users\/1"}],"replies":[{"embeddable":true,"href":"https:\/\/www.nitelikligoc.com\/index.php\/wp-json\/wp\/v2\/comments?post=2"}],"version-history":[{"count":4,"href":"https:\/\/www.nitelikligoc.com\/index.php\/wp-json\/wp\/v2\/pages\/2\/revisions"}],"predecessor-version":[{"id":39,"href":"https:\/\/www.nitelikligoc.com\/index.php\/wp-json\/wp\/v2\/pages\/2\/revisions\/39"}],"wp:featuredmedia":[{"embeddable":true,"href":"https:\/\/www.nitelikligoc.com\/index.php\/wp-json\/wp\/v2\/media\/19"}],"wp:attachment":[{"href":"https:\/\/www.nitelikligoc.com\/index.php\/wp-json\/wp\/v2\/media?parent=2"}],"curies":[{"name":"wp","href":"https:\/\/api.w.org\/{rel}","templated":true}]}}